
Let a(z) = 22*z**2 - 2*z - 2200. Give a(10).
-20
Let k(x) = -105806*x - 423150. Calculate k(-4).
74
Let w(z) = 3*z**3 - 1444*z**2 + 510*z - 13954. What is w(481)?
-5
Let j(x) = -2*x**3 - 59*x**2 + 191*x + 990. Determine j(-32).
-2
Let h(l) = -2*l**2 - 77*l + 4870. Calculate h(-72).
46
Let b(j) = 2*j**2 + 22855*j - 160061. What is b(7)?
22
Let p(a) = 39195*a + 1411025. Determine p(-36).
5
Let o(f) = -23*f**3 - 178*f**2 - 405*f - 241. Give o(-4).
3
Let g(m) = 2*m**2 - 43*m - 2790. What is g(-38)?
1732
Let t(q) = -10*q**2 - 37*q - 122. Determine t(-14).
-1564
Let h(g) = -7*g**2 - 248*g - 223. Give h(-43).
-2502
Let b(j) = -j**3 + 3533*j**2 + 42536*j - 44. Give b(-12).
4
Let t(z) = 2*z**3 - 232*z**2 - 1720*z - 213. What is t(123)?
33
Let y(a) = -2767*a + 57068. What is y(21)?
-1039
Let i(k) = -202*k**2 + 136110*k + 25614. Give i(674).
2
Let g(l) = -1381*l - 73142. Calculate g(-53).
51
Let f(g) = 38*g**2 - 988*g - 160. Calculate f(26).
-160
Let f(n) = 155*n**2 - 391*n + 1487. Calculate f(4).
2403
Let i(l) = -l**3 + 14*l**2 - 10507*l + 62739. Calculate i(6).
-15
Let v(i) = 97*i**2 + 130*i - 366. Determine v(-4).
666
Let d(l) = -38*l**2 - 955*l - 2885. What is d(-3)?
-362
Let h(f) = -14355*f - 331102. Determine h(-23).
-937
Let c(q) = -84*q - 1412. Determine c(13).
-2504
Let b(o) = 451*o + 3885. Give b(-8).
277
Let x(i) = i**2 - 1832*i - 525162. Calculate x(-252).
6
Let k(g) = -231*g + 24773. What is k(110)?
-637
Let m(v) = -54*v**2 + 15984*v - 15937. Calculate m(295).
-7
Let d(o) = 19197*o - 211651. What is d(11)?
-484
Let s(k) = 31*k**3 + 118*k**2 - 24*k + 5. Give s(-4).
5
Let n(j) = -9246*j - 55462. Calculate n(-6).
14
Let b(g) = 94*g**2 - 31308*g + 2000. Calculate b(333).
2
Let h(u) = -3*u**2 - 1455*u + 46329. Give h(30).
-21
Let u(x) = 2*x**2 - 1537*x - 4615. Determine u(-3).
14
Let f(r) = 117*r**2 + 165*r + 508. Calculate f(-3).
1066
Let y(g) = -22*g**3 - 1391*g**2 - 322*g - 428. What is y(-63)?
13
Let r(b) = 23497*b**2 + 1691784*b + 44. Determine r(-72).
44
Let t(k) = -14469*k - 1967780. What is t(-136)?
4
Let f(b) = 2*b**3 + 62*b**2 + 136*b + 4238. Give f(-31).
22
Let v(y) = y**2 + 1547*y - 341449. Calculate v(196).
179
Let y(z) = 1426086*z + 8556503. Give y(-6).
-13
Let q(o) = 2102003*o + 19. Determine q(0).
19
Let t(y) = -2*y**3 - 6*y**2 - 11202*y - 67275. What is t(-6)?
153
Let g(i) = -10027*i - 230798. Give g(-23).
-177
Let j(k) = 16496738*k - 7. What is j(0)?
-7
Let d(l) = 195*l**2 + 104*l + 113. Give d(-1).
204
Let p(a) = 253429*a + 1267161. Calculate p(-5).
16
Let d(n) = 214*n + 38. What is d(4)?
894
Let f(i) = 3701*i + 178115. Determine f(-48).
467
Let m(d) = 24*d + 3. Give m(27).
651
Let v(c) = 1696*c**2 - 89895*c + 408. What is v(53)?
37
Let d(z) = -287196*z - 861607. Give d(-3).
-19
Let l(j) = 1554*j + 7451. Calculate l(-5).
-319
Let o(g) = 9*g**2 + 7929*g + 147418. Determine o(-19).
16
Let w(z) = -28417*z + 255746. What is w(9)?
-7
Let u(s) = 1615*s**3 - 1516486*s**2 + 941*s - 1889. Determine u(939).
-11
Let l(y) = 729*y + 104975. Calculate l(-144).
-1
Let f(c) = -c**3 + 73*c**2 + 102*c + 4000. Determine f(75).
400
Let t(y) = 11*y - 2853. What is t(-70)?
-3623
Let r(t) = -612030*t + 1224053. Determine r(2).
-7
Let a(w) = 3083*w + 9517. Calculate a(-3).
268
Let n(m) = -24*m**3 - 79*m**2 - 16*m - 9. What is n(-5)?
1096
Let u(m) = -m**3 - 358*m**2 + 86*m + 30771. Calculate u(-358).
-17
Let j(x) = 111297*x - 111290. Determine j(1).
7
Let f(c) = -1005*c - 14753. What is f(-14)?
-683
Let j(c) = -9*c**3 + 15*c**2 + 59*c + 7. Calculate j(-2).
21
Let w(z) = -12*z**3 - 97*z**2 + 50*z - 430. What is w(-9)?
11
Let h(s) = -477841*s - 8123313. Give h(-17).
-16
Let w(q) = -8875*q + 53156. Determine w(6).
-94
Let b(j) = -851*j + 60411. Determine b(71).
-10
Let l(g) = g**3 - 35*g**2 - 111*g + 1297. Give l(37).
-72
Let w(d) = 2911*d**2 + 26401*d + 1825. What is w(-9)?
7
Let t(g) = g**3 + 1546*g**2 + 15992*g - 1370749. Determine t(-1535).
6
Let x(y) = -2*y**3 + 45*y**2 - 138*y - 885. Calculate x(9).
60
Let g(i) = 23*i**2 + 11741*i - 5955. Determine g(-511).
177
Let p(d) = -17*d**2 - 1181*d + 495. What is p(-70)?
-135
Let a(x) = -7*x**3 + 266*x**2 + 91*x - 3480. Give a(38).
-22
Let y(k) = 822*k - 106855. What is y(130)?
5
Let w(n) = 146*n + 5842. Calculate w(-54).
-2042
Let s(x) = 5*x**3 - 506*x**2 + 1083*x + 579. Determine s(99).
-15
Let o(b) = -27*b**2 - 11086*b + 83597. Calculate o(-418).
-3
Let h(r) = 3*r**2 - 10397*r + 10397. Determine h(1).
3
Let l(n) = 290*n + 172224. Give l(-594).
-36
Let j(c) = -4*c**3 - 78*c**2 - 320*c + 348. Calculate j(-8).
-36
Let k(s) = -26684*s + 640539. What is k(24)?
123
Let z(j) = j**2 - 1689*j + 271635. What is z(180)?
15
Let v(a) = 1384*a - 44560. What is v(33)?
1112
Let l(x) = 357*x + 67258. Give l(-188).
142
Let c(t) = t**3 - 41*t**2 - 620*t + 558. Determine c(53).
1406
Let q(v) = v**3 - 119*v**2 - 1068*v + 113782. Give q(120).
22
Let x(j) = -16522*j + 1156323. Determine x(70).
-217
Let y(h) = -h**3 - 17*h**2 - 109*h - 547. Calculate y(-12).
41
Let h(a) = a**3 - 14*a**2 - 311*a - 53. Give h(29).
3543
Let p(k) = -5326*k + 255678. Calculate p(48).
30
Let r(k) = k**3 - 30*k**2 - 281*k - 992. What is r(-8)?
-1176
Let z(j) = -2*j**3 - 63*j**2 + 4157*j - 35822. Give z(24).
10
Let p(u) = 16771*u + 100609. What is p(-6)?
-17
Let o(c) = 5*c**2 + 5665*c + 11322. Calculate o(-2).
12
Let a(x) = 35582*x - 142293. Determine a(4).
35
Let r(c) = c**3 + 10*c**2 + 3629*c + 14444. What is r(-4)?
24
Let o(f) = -f**3 - 200*f**2 - 1784*f - 399011. Determine o(-201).
-26
Let t(x) = -x**2 - 951*x - 143407. Calculate t(-188).
37
Let d(v) = -2729*v + 41692. Give d(15).
757
Let v(x) = 4*x**2 - 2803*x + 27700. Calculate v(10).
70
Let u(h) = -2*h**2 - 8*h + 899. What is u(-21)?
185
Let o(p) = 450*p + 9679. What is o(-24)?
-1121
Let i(t) = -158*t - 19474. What is i(-130)?
1066
Let p(g) = 3*g**3 - 11*g**2 - 35*g + 91. Determine p(6).
133
Let m(z) = 6409*z - 70553. Determine m(11).
-54
Let z(k) = 53687*k + 7784590. Give z(-145).
-25
Let q(d) = -7*d**3 - 192*d**2 - 1220*d + 88. Determine q(-10).
88
Let c(d) = -d**3 - 4*d**2 + 8982*d + 71842. Calculate c(-8).
242
Let u(k) = -k**3 + 24*k**2 - 114*k + 3487. Give u(25).
12
Let d(f) = -7784*f + 7747. Determine d(1).
-37
Let s(b) = -351460*b + 2460230. Calculate s(7).
10
Let r(c) = -62501*c**2 - 437510*c - 17. What is r(-7)?
4
Let a(y) = 191*y - 4286. What is a(18)?
-848
Let p(a) = 5*a**3 + 6699*a**2 - 26859*a - 27. What is p(4)?
41
Let s(l) = -5*l**2 - 473*l - 279. Calculate s(-97).
-1443
Let v(g) = 15*g**3 - 346*g**2 - 20*g + 1071. Determine v(23).
82
Let d(m) = 2*m**3 - 16*m**2 - 395*m + 489. Calculate d(18).
-141
Let m(x) = -328*x**3 - 3*x**2 - 645*x - 643. Calculate m(-1).
327
Let y(w) = 4*w**2 - 1332*w + 63806. Give y(58).
6
Let y(r) = -4*r**2 - 293*r - 4986. Calculate y(-57).
-1281
Let q(z) = 18*z**2 - 338*z + 1001. What is q(12)?
-463
Let w(j) = j**3 - 16*j**2 + 3445*j - 62335. Give w(18).
323
Let o(z) = 2*z**2 - 431*z + 5423. What is o(202)?
-31
Let x(f) = 4126*f + 45101. What is x(-11)?
-285
Let m(n) = -2*n**3 + 515*n**2 - 2895*n - 92378. Determine m(251).
-10
Let n(h) = -220*h**2 - 113305*h - 2580. Determine n(-515).
-5
Let l(r) = -4058*r + 14599. Give l(4).
-1633
Let h(j) = 2*j**2 + 178*j + 594. Determine h(-87).
246
Let l(u) = -34*u**2 - 188*u + 395. Determine l(-7).
45
Let c(k) = -30069*k - 33917842. Give c(-1128).
-10
Let n(b) = 1145676*b + 4582700. Calculate n(-4).
-4
Let n(t) = 3547*t - 258953. Determine n(73).
-22
Let u(s) = 82*s - 553. Give u(5).
-143
Let p(i) = i**3 + 6*i**2 - 122*i + 315. Give p(-16).
-293
Let q(m) = -235*m**3 + 946*m**2 - 5*m + 1. Give q(4).
77
Let j(m) = -m**3 - 14*m**2 + 9172*m - 440. Give j(89).
5
Let t(q) = q**2 + 60*q + 529. Determine t(-11).
-10
Let f(p) = p**3 + 24*p**2 - 190*p + 177. Calculate f(-30).
477
Let n(f) = f**2 + 1619*f + 76. What is n(0)?
76
Let f(t) = 17*t**3 - 157*t**2 - 9*t + 19. What is f(8)?
-1397
Let m(b) = 123*b - 22963. What is m(182)?
-577
Let d(a) = -a**2 + 44353*a + 310510. Calculate d(-7).
-10
Let l(d) = 13*d**3 - 4*d**2 - 57*d - 60. Determine l(-3).
-276
Let l(z) = 12*z**2 - 6144*z - 6150. Give l(513).
6
Let b(q) = -2567*q**2 + 734163*q - 354. Calculate b(286).
-68
Let t(w) = -6*w**2 + 2811*w - 30196. Determine t(11).
-1
Let